{"id":421,"date":"2023-03-16T15:05:46","date_gmt":"2023-03-16T14:05:46","guid":{"rendered":"https:\/\/camp-sthenridorie.fr\/?page_id=421"},"modified":"2023-03-16T21:31:14","modified_gmt":"2023-03-16T20:31:14","slug":"fraternite-henri-dorie","status":"publish","type":"page","link":"https:\/\/camp-sthenridorie.fr\/index.php\/fraternite-henri-dorie\/","title":{"rendered":"Fraternit\u00e9 Henri Dorie"},"content":{"rendered":"\t\t<div data-elementor-type=\"wp-page\" data-elementor-id=\"421\" class=\"elementor elementor-421\">\n\t\t\t\t\t\t<section class=\"elementor-section elementor-top-section elementor-element elementor-element-62aca9c elementor-section-full_width elementor-section-height-default elementor-section-height-default\" data-id=\"62aca9c\" data-element_type=\"section\" data-settings=\"{&quot;background_background&quot;:&quot;classic&quot;}\">\n\t\t\t\t\t\t\t<div class=\"elementor-background-overlay\"><\/div>\n\t\t\t\t\t\t\t<div class=\"elementor-container elementor-column-gap-no\">\n\t\t\t\t\t<div class=\"aux-parallax-section elementor-column elementor-col-100 elementor-top-column elementor-element elementor-element-f46ec67\" data-id=\"f46ec67\" data-element_type=\"column\" data-settings=\"{&quot;background_background&quot;:&quot;classic&quot;}\">\n\t\t\t<div class=\"elementor-widget-wrap elementor-element-populated\">\n\t\t\t\t\t\t<section class=\"elementor-section elementor-inner-section elementor-element elementor-element-695fc86 elementor-section-boxed elementor-section-height-default elementor-section-height-default\" data-id=\"695fc86\" data-element_type=\"section\">\n\t\t\t\t\t\t<div class=\"elementor-container elementor-column-gap-no\">\n\t\t\t\t\t<div class=\"aux-parallax-section elementor-column elementor-col-100 elementor-inner-column elementor-element elementor-element-b567868\" data-id=\"b567868\" data-element_type=\"column\">\n\t\t\t<div class=\"elementor-widget-wrap elementor-element-populated\">\n\t\t\t\t\t\t<div class=\"elementor-element elementor-element-8ced63a elementor-widget elementor-widget-image\" data-id=\"8ced63a\" data-element_type=\"widget\" data-widget_type=\"image.default\">\n\t\t\t\t<div class=\"elementor-widget-container\">\n\t\t\t\t\t\t\t\t\t\t\t\t\t<img fetchpriority=\"high\" decoding=\"async\" width=\"2722\" height=\"693\" src=\"https:\/\/camp-sthenridorie.fr\/wp-content\/uploads\/2023\/03\/Logo-White-but-Blue.png\" class=\"attachment-full size-full wp-image-357\" alt=\"\" srcset=\"https:\/\/camp-sthenridorie.fr\/wp-content\/uploads\/2023\/03\/Logo-White-but-Blue.png 2722w, https:\/\/camp-sthenridorie.fr\/wp-content\/uploads\/2023\/03\/Logo-White-but-Blue-1536x391.png 1536w, https:\/\/camp-sthenridorie.fr\/wp-content\/uploads\/2023\/03\/Logo-White-but-Blue-2048x521.png 2048w\" sizes=\"(max-width: 2722px) 100vw, 2722px\" \/>\t\t\t\t\t\t\t\t\t\t\t\t\t<\/div>\n\t\t\t\t<\/div>\n\t\t\t\t\t<\/div>\n\t\t<\/div>\n\t\t\t\t\t<\/div>\n\t\t<\/section>\n\t\t\t\t\t<\/div>\n\t\t<\/div>\n\t\t\t\t\t<\/div>\n\t\t<\/section>\n\t\t\t\t<section class=\"elementor-section elementor-top-section elementor-element elementor-element-e8df809 elementor-section-content-middle elementor-section-boxed elementor-section-height-default elementor-section-height-default\" data-id=\"e8df809\" data-element_type=\"section\" id=\"cshd\">\n\t\t\t\t\t\t<div class=\"elementor-container elementor-column-gap-no\">\n\t\t\t\t\t<div class=\"aux-parallax-section elementor-column elementor-col-100 elementor-top-column elementor-element elementor-element-0a68a17\" data-id=\"0a68a17\" data-element_type=\"column\">\n\t\t\t<div class=\"elementor-widget-wrap elementor-element-populated\">\n\t\t\t\t\t\t<div class=\"elementor-element elementor-element-a7df879 elementor-widget elementor-widget-heading\" data-id=\"a7df879\" data-element_type=\"widget\" data-widget_type=\"heading.default\">\n\t\t\t\t<div class=\"elementor-widget-container\">\n\t\t\t<h1 class=\"elementor-heading-title elementor-size-default\">Recevoir l'\u00c9chapp\u00e9e vers le Ciel ! <\/h1>\t\t<\/div>\n\t\t\t\t<\/div>\n\t\t\t\t<div class=\"elementor-element elementor-element-a34dab8 elementor-widget elementor-widget-aux_contact_form\" data-id=\"a34dab8\" data-element_type=\"widget\" data-widget_type=\"aux_contact_form.default\">\n\t\t\t\t<div class=\"elementor-widget-container\">\n\t\t\t<section class=\"widget-container aux-widget-contact-form aux-parent-auf969e1c5\">            <div class=\"aux-col-wrapper aux-no-gutter\">\n            <!-- @TODO - The output for element here -->\n\n            \n<div class=\"wpcf7 no-js\" id=\"wpcf7-f164-o1\" lang=\"fr-FR\" dir=\"ltr\">\n<div class=\"screen-reader-response\"><p role=\"status\" aria-live=\"polite\" aria-atomic=\"true\"><\/p> <ul><\/ul><\/div>\n<form action=\"\/index.php\/wp-json\/wp\/v2\/pages\/421#wpcf7-f164-o1\" method=\"post\" class=\"wpcf7-form init\" aria-label=\"Formulaire de contact\" novalidate=\"novalidate\" data-status=\"init\">\n<div style=\"display: none;\">\n<input type=\"hidden\" name=\"_wpcf7\" value=\"164\" \/>\n<input type=\"hidden\" name=\"_wpcf7_version\" value=\"5.9.4\" \/>\n<input type=\"hidden\" name=\"_wpcf7_locale\" value=\"fr_FR\" \/>\n<input type=\"hidden\" name=\"_wpcf7_unit_tag\" value=\"wpcf7-f164-o1\" \/>\n<input type=\"hidden\" name=\"_wpcf7_container_post\" value=\"0\" \/>\n<input type=\"hidden\" name=\"_wpcf7_posted_data_hash\" value=\"\" \/>\n<\/div>\n<p><label> Nom \/ Pr\u00e9nom<br \/>\n<span class=\"wpcf7-form-control-wrap\" data-name=\"your-name\"><input size=\"40\" class=\"wpcf7-form-control wpcf7-text wpcf7-validates-as-required\" autocomplete=\"name\" aria-required=\"true\" aria-invalid=\"false\" value=\"\" type=\"text\" name=\"your-name\" \/><\/span> <\/label>\n<\/p>\n<p><label> Adresse mail<br \/>\n<span class=\"wpcf7-form-control-wrap\" data-name=\"your-email\"><input size=\"40\" class=\"wpcf7-form-control wpcf7-email wpcf7-validates-as-required wpcf7-text wpcf7-validates-as-email\" autocomplete=\"email\" aria-required=\"true\" aria-invalid=\"false\" value=\"\" type=\"email\" name=\"your-email\" \/><\/span> <\/label>\n<\/p>\n<p><label> Adresse postale (pour l'envoi)<br \/>\n<span class=\"wpcf7-form-control-wrap\" data-name=\"your-message\"><textarea cols=\"40\" rows=\"10\" class=\"wpcf7-form-control wpcf7-textarea\" aria-invalid=\"false\" name=\"your-message\"><\/textarea><\/span> <\/label>\n<\/p>\n<p><input class=\"wpcf7-form-control wpcf7-submit has-spinner\" type=\"submit\" value=\"Envoyer l&#039;inscription et payer (10\u20ac \/ an)\" \/>\n<\/p><div class=\"wpcf7-response-output\" aria-hidden=\"true\"><\/div>\n<\/form>\n<\/div>\n\n\n            <\/div><!-- aux-col-wrapper -->\n    <\/section><!-- widget-container -->\t\t<\/div>\n\t\t\t\t<\/div>\n\t\t\t\t\t<\/div>\n\t\t<\/div>\n\t\t\t\t\t<\/div>\n\t\t<\/section>\n\t\t\t\t<section class=\"elementor-section elementor-top-section elementor-element elementor-element-7a791de elementor-section-boxed elementor-section-height-default elementor-section-height-default\" data-id=\"7a791de\" data-element_type=\"section\" id=\"frat_saint_henri\" data-settings=\"{&quot;background_background&quot;:&quot;classic&quot;}\">\n\t\t\t\t\t\t<div class=\"elementor-container elementor-column-gap-extended\">\n\t\t\t\t\t<div class=\"aux-parallax-section elementor-column elementor-col-100 elementor-top-column elementor-element elementor-element-8293127\" data-id=\"8293127\" data-element_type=\"column\" data-settings=\"{&quot;background_background&quot;:&quot;classic&quot;}\">\n\t\t\t<div class=\"elementor-widget-wrap elementor-element-populated\">\n\t\t\t\t\t\t<section class=\"elementor-section elementor-inner-section elementor-element elementor-element-f0fdffc elementor-section-boxed elementor-section-height-default elementor-section-height-default\" data-id=\"f0fdffc\" data-element_type=\"section\">\n\t\t\t\t\t\t<div class=\"elementor-container elementor-column-gap-default\">\n\t\t\t\t\t<div class=\"aux-parallax-section elementor-column elementor-col-100 elementor-inner-column elementor-element elementor-element-076ae63\" data-id=\"076ae63\" data-element_type=\"column\">\n\t\t\t<div class=\"elementor-widget-wrap elementor-element-populated\">\n\t\t\t\t\t\t<div class=\"elementor-element elementor-element-8568bc1 elementor-widget elementor-widget-heading\" data-id=\"8568bc1\" data-element_type=\"widget\" data-widget_type=\"heading.default\">\n\t\t\t\t<div class=\"elementor-widget-container\">\n\t\t\t<h2 class=\"elementor-heading-title elementor-size-default\">Couverture des derniers num\u00e9ros<\/h2>\t\t<\/div>\n\t\t\t\t<\/div>\n\t\t\t\t<div class=\"elementor-element elementor-element-8a96773 e-transform e-transform e-transform elementor-arrows-position-inside elementor-pagination-position-outside elementor-widget elementor-widget-image-carousel\" data-id=\"8a96773\" data-element_type=\"widget\" data-settings=\"{&quot;slides_to_show_tablet&quot;:&quot;1&quot;,&quot;slides_to_show_mobile&quot;:&quot;2&quot;,&quot;image_spacing_custom&quot;:{&quot;unit&quot;:&quot;px&quot;,&quot;size&quot;:31,&quot;sizes&quot;:[]},&quot;navigation&quot;:&quot;both&quot;,&quot;autoplay&quot;:&quot;yes&quot;,&quot;pause_on_hover&quot;:&quot;yes&quot;,&quot;pause_on_interaction&quot;:&quot;yes&quot;,&quot;autoplay_speed&quot;:5000,&quot;infinite&quot;:&quot;yes&quot;,&quot;speed&quot;:500,&quot;image_spacing_custom_mobile&quot;:{&quot;unit&quot;:&quot;px&quot;,&quot;size&quot;:&quot;&quot;,&quot;sizes&quot;:[]},&quot;_transform_rotateZ_effect&quot;:{&quot;unit&quot;:&quot;px&quot;,&quot;size&quot;:&quot;&quot;,&quot;sizes&quot;:[]},&quot;_transform_rotateZ_effect_tablet&quot;:{&quot;unit&quot;:&quot;deg&quot;,&quot;size&quot;:&quot;&quot;,&quot;sizes&quot;:[]},&quot;_transform_rotateZ_effect_mobile&quot;:{&quot;unit&quot;:&quot;deg&quot;,&quot;size&quot;:&quot;&quot;,&quot;sizes&quot;:[]},&quot;_transform_translateX_effect&quot;:{&quot;unit&quot;:&quot;px&quot;,&quot;size&quot;:&quot;&quot;,&quot;sizes&quot;:[]},&quot;_transform_translateX_effect_tablet&quot;:{&quot;unit&quot;:&quot;px&quot;,&quot;size&quot;:&quot;&quot;,&quot;sizes&quot;:[]},&quot;_transform_translateX_effect_mobile&quot;:{&quot;unit&quot;:&quot;px&quot;,&quot;size&quot;:&quot;&quot;,&quot;sizes&quot;:[]},&quot;_transform_translateY_effect&quot;:{&quot;unit&quot;:&quot;px&quot;,&quot;size&quot;:&quot;&quot;,&quot;sizes&quot;:[]},&quot;_transform_translateY_effect_tablet&quot;:{&quot;unit&quot;:&quot;px&quot;,&quot;size&quot;:&quot;&quot;,&quot;sizes&quot;:[]},&quot;_transform_translateY_effect_mobile&quot;:{&quot;unit&quot;:&quot;px&quot;,&quot;size&quot;:&quot;&quot;,&quot;sizes&quot;:[]},&quot;_transform_scaleX_effect&quot;:{&quot;unit&quot;:&quot;px&quot;,&quot;size&quot;:&quot;&quot;,&quot;sizes&quot;:[]},&quot;_transform_scaleX_effect_tablet&quot;:{&quot;unit&quot;:&quot;px&quot;,&quot;size&quot;:&quot;&quot;,&quot;sizes&quot;:[]},&quot;_transform_scaleX_effect_mobile&quot;:{&quot;unit&quot;:&quot;px&quot;,&quot;size&quot;:&quot;&quot;,&quot;sizes&quot;:[]},&quot;_transform_scaleY_effect&quot;:{&quot;unit&quot;:&quot;px&quot;,&quot;size&quot;:&quot;&quot;,&quot;sizes&quot;:[]},&quot;_transform_scaleY_effect_tablet&quot;:{&quot;unit&quot;:&quot;px&quot;,&quot;size&quot;:&quot;&quot;,&quot;sizes&quot;:[]},&quot;_transform_scaleY_effect_mobile&quot;:{&quot;unit&quot;:&quot;px&quot;,&quot;size&quot;:&quot;&quot;,&quot;sizes&quot;:[]}}\" data-widget_type=\"image-carousel.default\">\n\t\t\t\t<div class=\"elementor-widget-container\">\n\t\t\t\t\t<div class=\"elementor-image-carousel-wrapper swiper\" dir=\"ltr\">\n\t\t\t<div class=\"elementor-image-carousel swiper-wrapper\" aria-live=\"off\">\n\t\t\t\t\t\t\t\t<div class=\"swiper-slide\" role=\"group\" aria-roledescription=\"slide\" aria-label=\"1 sur 4\"><figure class=\"swiper-slide-inner\"><img decoding=\"async\" class=\"swiper-slide-image\" src=\"https:\/\/camp-sthenridorie.fr\/wp-content\/uploads\/2023\/03\/Lettre-35_V1-1.png\" alt=\"Lettre 35_V1\" \/><\/figure><\/div><div class=\"swiper-slide\" role=\"group\" aria-roledescription=\"slide\" aria-label=\"2 sur 4\"><figure class=\"swiper-slide-inner\"><img decoding=\"async\" class=\"swiper-slide-image\" src=\"https:\/\/camp-sthenridorie.fr\/wp-content\/uploads\/2023\/03\/Lettre-34_V.2-glissees.png\" alt=\"Lettre 34_V.2 (glisse\u0301(e)s)\" \/><\/figure><\/div><div class=\"swiper-slide\" role=\"group\" aria-roledescription=\"slide\" aria-label=\"3 sur 4\"><figure class=\"swiper-slide-inner\"><img decoding=\"async\" class=\"swiper-slide-image\" src=\"https:\/\/camp-sthenridorie.fr\/wp-content\/uploads\/2023\/03\/Lettre-33-VF-glissees.png\" alt=\"Lettre 33-VF (glisse\u0301(e)s)\" \/><\/figure><\/div><div class=\"swiper-slide\" role=\"group\" aria-roledescription=\"slide\" aria-label=\"4 sur 4\"><figure class=\"swiper-slide-inner\"><img decoding=\"async\" class=\"swiper-slide-image\" src=\"https:\/\/camp-sthenridorie.fr\/wp-content\/uploads\/2023\/03\/Lettre-32-VF-diffusion-glissees.png\" alt=\"Lettre 32 - VF diffusion (glisse\u0301(e)s)\" \/><\/figure><\/div>\t\t\t<\/div>\n\t\t\t\t\t\t\t\t\t\t\t\t<div class=\"elementor-swiper-button elementor-swiper-button-prev\" role=\"button\" tabindex=\"0\">\n\t\t\t\t\t\t<i aria-hidden=\"true\" class=\"eicon-chevron-left\"><\/i>\t\t\t\t\t<\/div>\n\t\t\t\t\t<div class=\"elementor-swiper-button elementor-swiper-button-next\" role=\"button\" tabindex=\"0\">\n\t\t\t\t\t\t<i aria-hidden=\"true\" class=\"eicon-chevron-right\"><\/i>\t\t\t\t\t<\/div>\n\t\t\t\t\n\t\t\t\t\t\t\t\t\t<div class=\"swiper-pagination\"><\/div>\n\t\t\t\t\t\t\t\t\t<\/div>\n\t\t\t\t<\/div>\n\t\t\t\t<\/div>\n\t\t\t\t\t<\/div>\n\t\t<\/div>\n\t\t\t\t\t<\/div>\n\t\t<\/section>\n\t\t\t\t\t<\/div>\n\t\t<\/div>\n\t\t\t\t\t<\/div>\n\t\t<\/section>\n\t\t\t\t<\/div>\n\t\t","protected":false},"excerpt":{"rendered":"<p>Recevoir l&rsquo;\u00c9chapp\u00e9e vers le Ciel ! Nom \/ Pr\u00e9nom Adresse mail Adresse postale (pour l&rsquo;envoi) Couverture des derniers num\u00e9ros Pr\u00e9c\u00e9dent Suivant<\/p>\n","protected":false},"author":1,"featured_media":0,"parent":0,"menu_order":0,"comment_status":"closed","ping_status":"closed","template":"templates\/page-builder-content.php","meta":{"footnotes":""},"class_list":["post-421","page","type-page","status-publish","hentry"],"yoast_head":"<!-- This site is optimized with the Yoast SEO plugin v22.7 - https:\/\/yoast.com\/wordpress\/plugins\/seo\/ -->\n<title>Fraternit\u00e9 Henri Dorie | Camp Saint Henri Dorie<\/title>\n<meta name=\"description\" content=\"La fraternit\u00e9 Henri Dorie permet aux jeunes qui ont particip\u00e9 au camp l&#039;\u00e9t\u00e9 de continuer \u00e0 vivre dans cet esprit du camp en fraternit\u00e9.\" \/>\n<meta name=\"robots\" content=\"index, follow, max-snippet:-1, max-image-preview:large, max-video-preview:-1\" \/>\n<link rel=\"canonical\" href=\"https:\/\/camp-sthenridorie.fr\/index.php\/fraternite-henri-dorie\/\" \/>\n<meta property=\"og:locale\" content=\"fr_FR\" \/>\n<meta property=\"og:type\" content=\"article\" \/>\n<meta property=\"og:title\" content=\"Fraternit\u00e9 Henri Dorie | Camp Saint Henri Dorie\" \/>\n<meta property=\"og:description\" content=\"La fraternit\u00e9 Henri Dorie permet aux jeunes qui ont particip\u00e9 au camp l&#039;\u00e9t\u00e9 de continuer \u00e0 vivre dans cet esprit du camp en fraternit\u00e9.\" \/>\n<meta property=\"og:url\" content=\"https:\/\/camp-sthenridorie.fr\/index.php\/fraternite-henri-dorie\/\" \/>\n<meta property=\"og:site_name\" content=\"Camp Saint Henri Dorie\" \/>\n<meta property=\"article:publisher\" content=\"https:\/\/www.facebook.com\/CampSaintHenriDorie\/\" \/>\n<meta property=\"article:modified_time\" content=\"2023-03-16T20:31:14+00:00\" \/>\n<meta property=\"og:image\" content=\"https:\/\/camp-sthenridorie.fr\/wp-content\/uploads\/2023\/03\/Logo-White-but-Blue.png\" \/>\n<meta name=\"twitter:card\" content=\"summary_large_image\" \/>\n<meta name=\"twitter:label1\" content=\"Dur\u00e9e de lecture estim\u00e9e\" \/>\n\t<meta name=\"twitter:data1\" content=\"2 minutes\" \/>\n<script type=\"application\/ld+json\" class=\"yoast-schema-graph\">{\"@context\":\"https:\/\/schema.org\",\"@graph\":[{\"@type\":\"WebPage\",\"@id\":\"https:\/\/camp-sthenridorie.fr\/index.php\/fraternite-henri-dorie\/\",\"url\":\"https:\/\/camp-sthenridorie.fr\/index.php\/fraternite-henri-dorie\/\",\"name\":\"Fraternit\u00e9 Henri Dorie | Camp Saint Henri Dorie\",\"isPartOf\":{\"@id\":\"https:\/\/camp-sthenridorie.fr\/#website\"},\"primaryImageOfPage\":{\"@id\":\"https:\/\/camp-sthenridorie.fr\/index.php\/fraternite-henri-dorie\/#primaryimage\"},\"image\":{\"@id\":\"https:\/\/camp-sthenridorie.fr\/index.php\/fraternite-henri-dorie\/#primaryimage\"},\"thumbnailUrl\":\"https:\/\/camp-sthenridorie.fr\/wp-content\/uploads\/2023\/03\/Logo-White-but-Blue.png\",\"datePublished\":\"2023-03-16T14:05:46+00:00\",\"dateModified\":\"2023-03-16T20:31:14+00:00\",\"description\":\"La fraternit\u00e9 Henri Dorie permet aux jeunes qui ont particip\u00e9 au camp l'\u00e9t\u00e9 de continuer \u00e0 vivre dans cet esprit du camp en fraternit\u00e9.\",\"breadcrumb\":{\"@id\":\"https:\/\/camp-sthenridorie.fr\/index.php\/fraternite-henri-dorie\/#breadcrumb\"},\"inLanguage\":\"fr-FR\",\"potentialAction\":[{\"@type\":\"ReadAction\",\"target\":[\"https:\/\/camp-sthenridorie.fr\/index.php\/fraternite-henri-dorie\/\"]}]},{\"@type\":\"ImageObject\",\"inLanguage\":\"fr-FR\",\"@id\":\"https:\/\/camp-sthenridorie.fr\/index.php\/fraternite-henri-dorie\/#primaryimage\",\"url\":\"https:\/\/camp-sthenridorie.fr\/wp-content\/uploads\/2023\/03\/Logo-White-but-Blue.png\",\"contentUrl\":\"https:\/\/camp-sthenridorie.fr\/wp-content\/uploads\/2023\/03\/Logo-White-but-Blue.png\",\"width\":2722,\"height\":693},{\"@type\":\"BreadcrumbList\",\"@id\":\"https:\/\/camp-sthenridorie.fr\/index.php\/fraternite-henri-dorie\/#breadcrumb\",\"itemListElement\":[{\"@type\":\"ListItem\",\"position\":1,\"name\":\"Accueil\",\"item\":\"https:\/\/camp-sthenridorie.fr\/\"},{\"@type\":\"ListItem\",\"position\":2,\"name\":\"Fraternit\u00e9 Henri Dorie\"}]},{\"@type\":\"WebSite\",\"@id\":\"https:\/\/camp-sthenridorie.fr\/#website\",\"url\":\"https:\/\/camp-sthenridorie.fr\/\",\"name\":\"Camp Saint Henri Dorie\",\"description\":\"P\u00e8lerinage en Vend\u00e9e - 13 - 17 ans\",\"publisher\":{\"@id\":\"https:\/\/camp-sthenridorie.fr\/#organization\"},\"alternateName\":\"P\u00e8lerinage Saint Henri Dorie\",\"potentialAction\":[{\"@type\":\"SearchAction\",\"target\":{\"@type\":\"EntryPoint\",\"urlTemplate\":\"https:\/\/camp-sthenridorie.fr\/?s={search_term_string}\"},\"query-input\":\"required name=search_term_string\"}],\"inLanguage\":\"fr-FR\"},{\"@type\":\"Organization\",\"@id\":\"https:\/\/camp-sthenridorie.fr\/#organization\",\"name\":\"Camp Saint Henri Dorie\",\"alternateName\":\"P\u00e8lerinage Saint Henri Dorie\",\"url\":\"https:\/\/camp-sthenridorie.fr\/\",\"logo\":{\"@type\":\"ImageObject\",\"inLanguage\":\"fr-FR\",\"@id\":\"https:\/\/camp-sthenridorie.fr\/#\/schema\/logo\/image\/\",\"url\":\"https:\/\/camp-sthenridorie.fr\/wp-content\/uploads\/2023\/03\/Logo-CSHD-sans-fond.png\",\"contentUrl\":\"https:\/\/camp-sthenridorie.fr\/wp-content\/uploads\/2023\/03\/Logo-CSHD-sans-fond.png\",\"width\":1500,\"height\":1500,\"caption\":\"Camp Saint Henri Dorie\"},\"image\":{\"@id\":\"https:\/\/camp-sthenridorie.fr\/#\/schema\/logo\/image\/\"},\"sameAs\":[\"https:\/\/www.facebook.com\/CampSaintHenriDorie\/\",\"https:\/\/www.instagram.com\/camp_st_henri_dorie\/\",\"https:\/\/www.youtube.com\/@camp-velosainthenridorie1234\"]}]}<\/script>\n<!-- \/ Yoast SEO plugin. -->","yoast_head_json":{"title":"Fraternit\u00e9 Henri Dorie | Camp Saint Henri Dorie","description":"La fraternit\u00e9 Henri Dorie permet aux jeunes qui ont particip\u00e9 au camp l'\u00e9t\u00e9 de continuer \u00e0 vivre dans cet esprit du camp en fraternit\u00e9.","robots":{"index":"index","follow":"follow","max-snippet":"max-snippet:-1","max-image-preview":"max-image-preview:large","max-video-preview":"max-video-preview:-1"},"canonical":"https:\/\/camp-sthenridorie.fr\/index.php\/fraternite-henri-dorie\/","og_locale":"fr_FR","og_type":"article","og_title":"Fraternit\u00e9 Henri Dorie | Camp Saint Henri Dorie","og_description":"La fraternit\u00e9 Henri Dorie permet aux jeunes qui ont particip\u00e9 au camp l'\u00e9t\u00e9 de continuer \u00e0 vivre dans cet esprit du camp en fraternit\u00e9.","og_url":"https:\/\/camp-sthenridorie.fr\/index.php\/fraternite-henri-dorie\/","og_site_name":"Camp Saint Henri Dorie","article_publisher":"https:\/\/www.facebook.com\/CampSaintHenriDorie\/","article_modified_time":"2023-03-16T20:31:14+00:00","og_image":[{"url":"https:\/\/camp-sthenridorie.fr\/wp-content\/uploads\/2023\/03\/Logo-White-but-Blue.png"}],"twitter_card":"summary_large_image","twitter_misc":{"Dur\u00e9e de lecture estim\u00e9e":"2 minutes"},"schema":{"@context":"https:\/\/schema.org","@graph":[{"@type":"WebPage","@id":"https:\/\/camp-sthenridorie.fr\/index.php\/fraternite-henri-dorie\/","url":"https:\/\/camp-sthenridorie.fr\/index.php\/fraternite-henri-dorie\/","name":"Fraternit\u00e9 Henri Dorie | Camp Saint Henri Dorie","isPartOf":{"@id":"https:\/\/camp-sthenridorie.fr\/#website"},"primaryImageOfPage":{"@id":"https:\/\/camp-sthenridorie.fr\/index.php\/fraternite-henri-dorie\/#primaryimage"},"image":{"@id":"https:\/\/camp-sthenridorie.fr\/index.php\/fraternite-henri-dorie\/#primaryimage"},"thumbnailUrl":"https:\/\/camp-sthenridorie.fr\/wp-content\/uploads\/2023\/03\/Logo-White-but-Blue.png","datePublished":"2023-03-16T14:05:46+00:00","dateModified":"2023-03-16T20:31:14+00:00","description":"La fraternit\u00e9 Henri Dorie permet aux jeunes qui ont particip\u00e9 au camp l'\u00e9t\u00e9 de continuer \u00e0 vivre dans cet esprit du camp en fraternit\u00e9.","breadcrumb":{"@id":"https:\/\/camp-sthenridorie.fr\/index.php\/fraternite-henri-dorie\/#breadcrumb"},"inLanguage":"fr-FR","potentialAction":[{"@type":"ReadAction","target":["https:\/\/camp-sthenridorie.fr\/index.php\/fraternite-henri-dorie\/"]}]},{"@type":"ImageObject","inLanguage":"fr-FR","@id":"https:\/\/camp-sthenridorie.fr\/index.php\/fraternite-henri-dorie\/#primaryimage","url":"https:\/\/camp-sthenridorie.fr\/wp-content\/uploads\/2023\/03\/Logo-White-but-Blue.png","contentUrl":"https:\/\/camp-sthenridorie.fr\/wp-content\/uploads\/2023\/03\/Logo-White-but-Blue.png","width":2722,"height":693},{"@type":"BreadcrumbList","@id":"https:\/\/camp-sthenridorie.fr\/index.php\/fraternite-henri-dorie\/#breadcrumb","itemListElement":[{"@type":"ListItem","position":1,"name":"Accueil","item":"https:\/\/camp-sthenridorie.fr\/"},{"@type":"ListItem","position":2,"name":"Fraternit\u00e9 Henri Dorie"}]},{"@type":"WebSite","@id":"https:\/\/camp-sthenridorie.fr\/#website","url":"https:\/\/camp-sthenridorie.fr\/","name":"Camp Saint Henri Dorie","description":"P\u00e8lerinage en Vend\u00e9e - 13 - 17 ans","publisher":{"@id":"https:\/\/camp-sthenridorie.fr\/#organization"},"alternateName":"P\u00e8lerinage Saint Henri Dorie","potentialAction":[{"@type":"SearchAction","target":{"@type":"EntryPoint","urlTemplate":"https:\/\/camp-sthenridorie.fr\/?s={search_term_string}"},"query-input":"required name=search_term_string"}],"inLanguage":"fr-FR"},{"@type":"Organization","@id":"https:\/\/camp-sthenridorie.fr\/#organization","name":"Camp Saint Henri Dorie","alternateName":"P\u00e8lerinage Saint Henri Dorie","url":"https:\/\/camp-sthenridorie.fr\/","logo":{"@type":"ImageObject","inLanguage":"fr-FR","@id":"https:\/\/camp-sthenridorie.fr\/#\/schema\/logo\/image\/","url":"https:\/\/camp-sthenridorie.fr\/wp-content\/uploads\/2023\/03\/Logo-CSHD-sans-fond.png","contentUrl":"https:\/\/camp-sthenridorie.fr\/wp-content\/uploads\/2023\/03\/Logo-CSHD-sans-fond.png","width":1500,"height":1500,"caption":"Camp Saint Henri Dorie"},"image":{"@id":"https:\/\/camp-sthenridorie.fr\/#\/schema\/logo\/image\/"},"sameAs":["https:\/\/www.facebook.com\/CampSaintHenriDorie\/","https:\/\/www.instagram.com\/camp_st_henri_dorie\/","https:\/\/www.youtube.com\/@camp-velosainthenridorie1234"]}]}},"_links":{"self":[{"href":"https:\/\/camp-sthenridorie.fr\/index.php\/wp-json\/wp\/v2\/pages\/421","targetHints":{"allow":["GET"]}}],"collection":[{"href":"https:\/\/camp-sthenridorie.fr\/index.php\/wp-json\/wp\/v2\/pages"}],"about":[{"href":"https:\/\/camp-sthenridorie.fr\/index.php\/wp-json\/wp\/v2\/types\/page"}],"author":[{"embeddable":true,"href":"https:\/\/camp-sthenridorie.fr\/index.php\/wp-json\/wp\/v2\/users\/1"}],"replies":[{"embeddable":true,"href":"https:\/\/camp-sthenridorie.fr\/index.php\/wp-json\/wp\/v2\/comments?post=421"}],"version-history":[{"count":8,"href":"https:\/\/camp-sthenridorie.fr\/index.php\/wp-json\/wp\/v2\/pages\/421\/revisions"}],"predecessor-version":[{"id":682,"href":"https:\/\/camp-sthenridorie.fr\/index.php\/wp-json\/wp\/v2\/pages\/421\/revisions\/682"}],"wp:attachment":[{"href":"https:\/\/camp-sthenridorie.fr\/index.php\/wp-json\/wp\/v2\/media?parent=421"}],"curies":[{"name":"wp","href":"https:\/\/api.w.org\/{rel}","templated":true}]}}